Let d = -3678 + 6704. What are the prime factors of d?
2, 17, 89
Let r(m) = 5*m**3 + 17*m**2 + 22*m + 11. Let c(n) = -6*n**3 - 18*n**2 - 23*n - 12. Let b(k) = 6*c(k) + 7*r(k). What are the prime factors of b(12)?
53
List the prime factors of (10 + -11)/(3/(-4575)).
5, 61
Suppose -3*g = -2*g - 13. List the prime factors of g.
13
Let a(c) = -9*c + 0*c - 10 - 5*c. List the prime factors of a(-6).
2, 37
Suppose -3*o + 100 = j, 2*j - 164 = -4*o + 30. Let l = j - 44. What are the prime factors of l?
47
Let d(s) = -s**3 - 20*s**2 - 18*s - 129. What are the prime factors of d(-22)?
5, 13, 19
Suppose -q = -3*y + 17, 2*y - 3*y - 5 = 5*q. Let c be q/(-3) - (-3328)/39. Suppose -c = -2*a + 8. List the prime factors of a.
47
Let g(h) = 4*h - 41. Let w be g(10). List the prime factors of 119 + (-3 - w - -2).
7, 17
Let y = 2238 - -774. What are the prime factors of y?
2, 3, 251
Let n(k) be the second derivative of -k**3/3 + 3*k**2/2 - 6*k. What are the prime factors of n(-6)?
3, 5
Let s = -68 + 58. What are the prime factors of 2/s + (1082/10 - -2)?
2, 5, 11
Let v = 8 + 1. Suppose 0 = 3*z - 9 - v. Suppose d - 2*n - 5 = 0, n + 55 = z*d - 2*d. List the prime factors of d.
3, 5
Suppose 3*b = -3*k + 396, 4*b - b - 260 = -2*k. What are the prime factors of k?
2, 17
Let l(n) = n**3 + 6*n**2 - 16*n + 14. Let p(s) = s**3 + 5*s**2 - 17*s + 13. Let u(v) = -3*l(v) + 2*p(v). List the prime factors of u(-11).
193
What are the prime factors of 39354/49 - ((-32)/(-28) - 1)?
11, 73
Let y = 7333 + -4275. What are the prime factors of y?
2, 11, 139
What are the prime factors of (-9)/(-24) + 34875/120?
3, 97
Let o = 341 + -146. Let y = 290 - o. What are the prime factors of y?
5, 19
Let t(q) = -3*q - 10. Let x(o) = -9*o**2 - o. Let h be x(1). Let l = 3 + h. List the prime factors of t(l).
11
Let w be (-30)/10 - (-5 - (1 + -2)). Let q = w - -9. List the prime factors of q.
2, 5
List the prime factors of 4978/6 - ((-77)/33 + 3).
829
Suppose -65*h - 9058 = -53843. List the prime factors of h.
13, 53
Let j = -6 - -2. Let l be j + 4/2 + 4. Suppose -2*s + g - 68 = -7*s, -l*g = 3*s - 45. What are the prime factors of s?
13
What are the prime factors of (-11092 + (8 - 7))*2/(-6)?
3697
Suppose -2727 = -23*w + 30577. List the prime factors of w.
2, 181
Suppose 0 = -17*y + 14*y - 513. Let h be y/(-54) + 1/(-6). Suppose -k = h*k - 36. What are the prime factors of k?
3
Let p = -8 + 11. Suppose 0 = 2*a + p*x - 17 - 190, -5*x + 15 = 0. What are the prime factors of a?
3, 11
Suppose -h - 2*m - m = 0, -5*h + m = 0. Suppose h*y = 9*y - 378. List the prime factors of y.
2, 3, 7
Let m be (3 - 16) + (-4)/(-1). Let j(v) = -8*v - 18. Let g be j(m). Suppose 4*k = -2*c + g, -3*c + 86 = 4*k + k. What are the prime factors of c?
37
Let i = -36 + 48. Suppose -4*f - i*f + 240 = 0. What are the prime factors of f?
3, 5
Suppose -a - 48 - 32 = 0. Let k = 11 - a. Let x = 139 - k. List the prime factors of x.
2, 3
Suppose -2*f - 4*n = 3*f, 0 = -2*f - n. Suppose w - 142 = -5*t + t, f = -2*t + 3*w + 78. List the prime factors of t.
2, 3
Suppose -2*p + 4*i = -1814, 3*i = 2*p + 7*i - 1790. Suppose -201 = 14*r - p. List the prime factors of r.
2, 5
Suppose 2*j - 7 = -4*r - r, -r - 5 = 0. Suppose i + 12 - j = 0. What are the prime factors of i?
2
Let l = 730 - -179. List the prime factors of l.
3, 101
Suppose -3*o = -5669 - 346. List the prime factors of o.
5, 401
Let t be (-7)/((-7)/(-3)) + 6. Suppose 2*m + m + 505 = 4*w, -w + 115 = t*m. What are the prime factors of w?
2, 31
Suppose -6*l = -25 - 17. Let w(u) = -u**3 + 13*u**2 - 5*u - 23. List the prime factors of w(l).
2, 59
Let f = 12 - 11. Let j be 2 + f + (1 - -1). Suppose -j*q + 36 = -3*q. What are the prime factors of q?
2, 3
Let h(k) be the second derivative of k**3/2 - 3*k**2 + 3*k. Let v be h(2). Suppose 2*m + p - 5*p - 112 = v, -5*m + 3*p + 266 = 0. List the prime factors of m.
2, 13
Let u(w) = -w**3 + 9*w**2 + 5*w + 5. Let m(o) = 2*o**3 - 19*o**2 - 10*o - 9. Let g(b) = -3*m(b) - 7*u(b). Suppose z - 2 = 5. What are the prime factors of g(z)?
2, 3
Let r = -121 - -145. Suppose 2*a + 0*a = 3*j, 2*a = 5*j - 4. Suppose -a*z + r = z. What are the prime factors of z?
2, 3
List the prime factors of ((-1)/2 - 0)/((-150)/225300).
751
Suppose -1188 - 2242 = -7*q. What are the prime factors of q?
2, 5, 7
Let q(l) = -7*l - l**3 - 12 + 16 + l. What are the prime factors of q(-4)?
2, 23
Let n = -2124 - -3410. What are the prime factors of n?
2, 643
Let j be (0 - (-3)/(-6))*24. Let w be -1 - 0 - (j - -7). What are the prime factors of -1 - (-4*3 - w)?
3, 5
Suppose -7015 - 7553 = -12*k. List the prime factors of k.
2, 607
Let g(a) = -97*a + 248. What are the prime factors of g(-46)?
2, 3, 5, 157
Suppose 2*t = -3*h + 8829, -13221 = 2*t - 5*t + 3*h. List the prime factors of t.
2, 3, 5, 7
Let r be (-24)/(-90)*5 - (-23)/3. List the prime factors of r/(225/10) + 98/5.
2, 5
Suppose -9*x + 4532 = 914. What are the prime factors of x?
2, 3, 67
Let i = 478 + 573. What are the prime factors of i?
1051
Let f = -66 - -118. Let g = f + 21. What are the prime factors of g?
73
Let n(z) = 46*z**2 - 3*z + 4. Let h(k) = 46*k**2 - 2*k + 3. Let w(d) = 4*h(d) - 3*n(d). Let v be -1*1 + 2 + -2. What are the prime factors of w(v)?
3, 5
What are the prime factors of (-2492)/(-10)*6/((-24)/(-10))?
7, 89
Let v = 218 + -187. List the prime factors of v.
31
Let f(s) = -35*s - 327. What are the prime factors of f(-13)?
2
Suppose 0 = y + 5*c + 6, 4*y - 27 = -3*c. Suppose -i - y = -4*i. Let l(z) = -z + 5. What are the prime factors of l(i)?
2
Suppose -4*b + 231 + 225 = 0. Let w = 166 - b. List the prime factors of w.
2, 13
Suppose -3*n - 3*j + 7*j = -807, -5*n - 4*j + 1313 = 0. List the prime factors of n.
5, 53
Let c be (-9)/(-12)*-2*2/(-1). Suppose -c*m + 2*l = 3*l - 397, 2*m + l - 265 = 0. What are the prime factors of m?
2, 3, 11
Suppose 10*o - 3*u = 5*o + 49, -3*o - u + 21 = 0. List the prime factors of 18/15*4*60/o.
2, 3
Suppose -55 = 12*l - 17*l. Let a = l + -73. Let m = 87 + a. List the prime factors of m.
5
Let b = -93 - -3245. What are the prime factors of b?
2, 197
Let p be ((-38)/6)/(3/(-18)). Let w = 20 + p. What are the prime factors of w?
2, 29
Let n = 1392 + -762. What are the prime factors of n?
2, 3, 5, 7
Let n(z) = 12*z**2 + 67*z + 6. List the prime factors of n(-6).
2, 3
Suppose 3*w + 2*b - 111 = -b, -4*b + 31 = w. Let f = w - 23. What are the prime factors of f?
2
Let x = -1071 - -1506. List the prime factors of x.
3, 5, 29
Let d(n) = -5*n**2 + 2*n - 1. Let c be d(1). Let y = c - 5. List the prime factors of (20/(-3))/(6/y).
2, 5
Let o = 37 - 37. Suppose o = -4*l + 6*l - 30. List the prime factors of l.
3, 5
Let r = 504 + 315. List the prime factors of r.
3, 7, 13
Let m be 9 + -1 + -3 + 1. Suppose -m*i + 347 = -i - 3*z, -2*z + 352 = 5*i. List the prime factors of i.
2, 5, 7
Suppose -f - 333 = -714. What are the prime factors of f?
3, 127
Suppose 7*f = 3*m + 4*f, f - 4 = 0. Suppose 0*r = m*r - b - 64, -4*r + 72 = b. List the prime factors of r.
17
Let l = 16 + -40. Suppose 18*p + 2315 = 641. List the prime factors of -4*(-4)/(l/p).
2, 31
Suppose -2*s - 2*s - 3*d = 15, 5 = -5*d. Let p be s/(-1)*(5 - 6). Let t = 29 - p. List the prime factors of t.
2
What are the prime factors of 6/10 + (-2 - 17433/(-45))?
2, 193
Suppose 2*w + w - 5*x = 7205, 5*w - 11991 = 4*x. List the prime factors of w.
5, 479
Let c(a) = -12*a + 46. List the prime factors of c(-6).
2, 59
Suppose 0 = -4*p + 4*v + 1292, 43*v = 3*p + 39*v - 965. List the prime factors of p.
3, 109
Let q(t) = 22*t**2 - 10*t + 16. List the prime factors of q(2).
2, 3, 7
Let b(u) = -u**2 + 8*u + 12. Let c be b(7). Suppose -c = i - 104. List the prime factors of i.
5, 17
Let m(n) = -56*n - 1. Let s be m(-1). Suppose 4*i + 15 = g - 5, i - 121 = -5*g. Let v = s - g. List the prime factors of v.
31
Let y(h) = 11*h**3 + 29*h**2 + 19*h + 50. Let c(i) = 5*i**3 + 14*i**2 + 9*i + 25. Let x(k) = -9*c(k) + 4*y(k). List the prime factors of x(-10).
5
Suppose a - 4*a = 111. Let s = 78 + a. List the prime factors of s.
41
Suppose 4*o = -u - 0*o - 63, -u - 59 = 3*o. Let q = 81 + u. List the prime factors of q.
2, 17
Let h be 4 + (-6 + 2)*-11. Suppose -z = -9 - h. List the prime factors of z.
3, 19
Let n(y) = -y**3 - 6*y**2 + 4*y - 1. Let l(j) = j 